7. What is x(3)?
23
Let k(z) = -9*z**2 - 1280*z - 16387. What is k(-128)?
-3
Let d(n) = 4150*n + 74863. Calculate d(-18).
163
Let n(z) = -4*z**3 - 53*z**2 - 232*z - 355. Determine n(-7).
44
Let h(s) = -s**3 + 28*s**2 + 28*s + 147. What is h(29)?
118
Let u(h) = -61*h**2 + 639*h + 1082. Calculate u(12).
-34
Let l(o) = -935*o + 209459. What is l(224)?
19
Let t(x) = 3*x**3 + 120*x**2 + 307*x + 127. Calculate t(-2).
-31
Let t(k) = 43177*k + 518127. What is t(-12)?
3
Let a(x) = x**3 + 251*x**2 - 5408*x + 5267. Determine a(19).
-15
Let n(b) = -81*b**2 - 488*b - 15. What is n(-6)?
-3
Let g(p) = -10*p**2 + 6123*p + 16602. Determine g(615).
-3
Let f(y) = -y**2 - 491*y - 22868. Give f(-51).
-428
Let k(u) = -16217*u + 519. What is k(0)?
519
Let l(g) = -10*g**3 - 112*g**2 + 139*g + 17. Give l(-12).
-499
Let l(u) = -11*u**2 - 16204*u - 16204. Give l(-1).
-11
Let p(h) = 310722*h + 3417926. Calculate p(-11).
-16
Let h(v) = 5*v**3 + v**2 - 7*v + 33. Give h(-3).
-72
Let w(g) = g**2 + 391*g + 35346. What is w(-142)?
-12
Let x(w) = -5*w**2 - 20*w + 98. Calculate x(16).
-1502
Let a(w) = 121*w**3 + 79*w - 165. Give a(2).
961
Let t(v) = -v**2 - 105*v + 3207. What is t(-128)?
263
Let x(l) = -3*l**2 + 103*l + 4347. Determine x(59).
-19
Let i(g) = 2*g**3 + 25*g**2 - 14*g - 171. Determine i(-12).
141
Let m(a) = -1456*a + 221249. Give m(152).
-63
Let p(w) = -1541*w + 135860. Give p(88).
252
Let v(g) = -6*g**2 - 216*g + 1467. Give v(7).
-339
Let x(v) = 23*v**2 - 95*v - 181. What is x(-2)?
101
Let t(a) = -a**2 - 12*a + 4606. Give t(-71).
417
Let y(i) = -38*i**3 + 21884*i**2 + 2306*i - 1413. Calculate y(576).
-261
Let n(z) = -z**3 + 17*z**2 + 1702*z + 231. Give n(-34).
1319
Let g(m) = 16*m**3 - 236*m**2 - 316*m - 51. Give g(16).
13
Let n(c) = -7615*c + 2779469. Give n(365).
-6
Let u(z) = 759*z + 58365. Give u(-77).
-78
Let i(c) = 1101*c + 3780. What is i(-5)?
-1725
Let q(k) = -665*k + 2096. What is q(3)?
101
Let x(c) = 376*c - 1070. Give x(5).
810
Let b(c) = 2*c**3 - 241*c**2 - 1638*c - 1679. What is b(127)?
-28
Let y(s) = -8050*s - 4934665. Determine y(-613).
-15
Let c(y) = y**2 + 584*y + 28609. Calculate c(-54).
-11
Let y(q) = 143*q + 16922. Calculate y(-109).
1335
Let q(w) = 894*w**2 - 66*w - 80. What is q(-1)?
880
Let y(u) = -2*u**3 + 503*u**2 - 975*u + 56221. Give y(250).
-29
Let a(f) = -165*f**2 + 116*f - 13. Calculate a(3).
-1150
Let a(k) = 2*k**3 - 109*k**2 - 2702*k + 72. Calculate a(73).
-1
Let f(l) = l**3 - 200*l**2 + 7403*l - 146. What is f(49)?
50
Let l(z) = 3*z**3 - 174*z**2 + 100*z - 5806. Calculate l(58).
-6
Let v(l) = l**2 - 590*l + 49389. Give v(101).
0
Let v(n) = 349*n**2 - 1763*n + 1476. Determine v(4).
8
Let r(q) = -q**3 + 112*q**2 - 1104*q + 305. Determine r(101).
1012
Let z(x) = 709*x**2 + 8500*x - 72. Calculate z(-12).
24
Let p(q) = -911*q - 21854. Give p(-24).
10
Let c(g) = -3*g**3 + 853*g**2 + 3096*g + 20732. What is c(288)?
-4
Let l(u) = -40879*u + 50240296. Determine l(1229).
5
Let c(j) = -j**2 + 47*j - 679. Calculate c(13).
-237
Let a(c) = -12*c**2 + 131. Calculate a(8).
-637
Let n(y) = y**2 + 39373*y - 315038. What is n(8)?
10
Let k(h) = -3*h**2 + 38*h + 503. Calculate k(21).
-22
Let l(b) = 3*b**3 - 23*b**2 - 206*b + 2135. Determine l(10).
775
Let q(o) = -2*o**3 - 132*o**2 - 1016*o - 78. What is q(-9)?
-168
Let d(c) = 11*c**2 - 2982*c - 5989. What is d(-2)?
19
Let q(c) = -19*c**3 - 1188*c**2 - 634*c - 874. What is q(-62)?
-6
Let k(x) = -2*x**3 - 626*x**2 - 63*x - 19678. Determine k(-313).
41
Let n(j) = -332*j - 811. Give n(-7).
1513
Let n(y) = -y**3 + 417*y**2 - 14061*y + 433. What is n(380)?
53
Let p(s) = 180*s**2 + 43*s + 20. Calculate p(0).
20
Let d(c) = -465*c - 90652. What is d(-195)?
23
Let x(y) = 37*y**2 + 16*y + 118. Give x(-5).
963
Let t(n) = -66*n + 16426. Give t(249).
-8
Let w(p) = -p**3 - p**2 + 505*p + 3. What is w(-23)?
26
Let k(x) = 41639*x - 1707202. Give k(41).
-3
Let u(p) = 519*p - 4403. What is u(8)?
-251
Let r(k) = 2641*k - 1853980. Calculate r(702).
2
Let t(m) = -2*m**2 + 3547*m + 56966. Determine t(-16).
-298
Let q(t) = -t**3 - 116*t**2 + 2102*t - 1139. What is q(-132)?
181
Let d(h) = 910*h - 27323. What is d(30)?
-23
Let g(p) = -732*p**2 - 355031*p - 5334. What is g(-485)?
1
Let v(w) = -11*w**3 - 1127*w**2 - 520*w - 1020. What is v(-102)?
0
Let u(r) = -r**3 - 657*r**2 - 2603*r - 11. Determine u(-4).
-47
Let x(z) = 226*z - 35871. What is x(159)?
63
Let w(z) = -z**2 - 4*z - 1436. Determine w(0).
-1436
Let o(n) = 42*n**2 + 1389*n + 110. Determine o(-33).
11
Let m(s) = -935*s - 140066. Give m(-150).
184
Let z(d) = 28*d - 1469. Calculate z(27).
-713
Let r(f) = -2*f**3 - 2*f**2 + 228*f + 1014. Determine r(-4).
198
Let v(o) = 9*o**2 + 13473*o - 108412. Determine v(8).
-52
Let t(o) = -o**3 - 2*o**2 - 68*o + 1206. Determine t(14).
-2882
Let i(y) = -6*y**3 + 138*y**2 - 555*y - 3. Give i(5).
-78
Let f(d) = -2*d**2 - 522*d + 1429. Calculate f(-258).
2977
Let a(c) = 2*c**3 + 33*c**2 - 31*c + 73. Give a(-17).
311
Let g(o) = -o**3 - 376*o**2 - 3633*o + 9984. Calculate g(-366).
102
Let y(m) = 511*m - 6568. Calculate y(12).
-436
Let f(c) = -28*c**2 + 160*c + 1528. What is f(-7)?
-964
Let j(g) = -g**3 - 39*g**2 - 54*g - 584. Calculate j(-38).
24
Let p(t) = 139025*t + 1251281. What is p(-9)?
56
Let u(z) = 19035*z - 3730856. Determine u(196).
4
Let l(s) = s**3 + 79*s**2 - 316*s + 1332. What is l(-83)?
4
Let n(o) = o**2 + 69*o + 2576. What is n(-39)?
1406
Let p(m) = 5801*m - 5859. Give p(1).
-58
Let h(z) = -1511*z + 450287. What is h(298)?
9
Let w(k) = 653*k - 8022. Give w(12).
-186
Let k(v) = 15*v - 6597. Determine k(440).
3
Let f(n) = 120*n - 6395. What is f(56)?
325
Let o(y) = 2671*y**2 - 13281*y - 360. Calculate o(5).
10
Let l(b) = -1031*b + 124668. Determine l(121).
-83
Let u(b) = -16*b**3 + 61*b**2 + 14*b + 30. What is u(4)?
38
Let w(p) = 32489*p - 32510. What is w(1)?
-21
Let c(j) = 12*j - 395. Give c(39).
73
Let b(o) = -156468*o + 938876. Give b(6).
68
Let k(b) = -b**3 - 35*b**2 - 244*b - 2798. Determine k(-30).
22
Let r(b) = 637*b - 20685. Give r(32).
-301
Let n(u) = -1185*u**2 - 8167*u + 8166. Calculate n(1).
-1186
Let d(f) = 88283*f - 4679016. Calculate d(53).
-17
Let d(b) = -1465*b + 877546. Determine d(599).
11
Let y(m) = -18482*m + 92041. Give y(5).
-369
Let m(z) = -10*z + 1626. What is m(75)?
876
Let f(k) = 7779*k - 54453. What is f(7)?
0
Let m(q) = -41*q**3 + 9*q**2 + 17*q - 61. What is m(2)?
-319
Let x(n) = n**3 + 181*n**2 + 707*n - 333. Determine x(-177).
-156
Let z(o) = -2*o**3 + 225*o**2 - 1025*o + 5724. Determine z(108).
0
Let g(k) = -217*k - 11376. Give g(-52).
-92
Let k(g) = 622*g - 24879. Calculate k(40).
1
Let b(q) = 80*q**2 - 532*q - 13342. Give b(-10).
-22
Let g(a) = -10*a**2 + 386*a + 5398. Give g(-11).
-58
Let b(z) = -17*z**3 - 181*z**2 - 265*z - 95. Determine b(-9).
22
Let j(i) = 540*i**2 + 6446*i - 373. Calculate j(-12).
35
Let x(o) = o**3 - 19*o**2 + 570*o - 5900. Determine x(11).
-598
Let b(l) = 515*l + 363. Give b(-2).
-667
Let m(h) = 4074*h + 36801. Calculate m(-9).
135
Let t(n) = 5*n**2 + 447*n - 1108. Calculate t(-95).
1552
Let s(v) = -1267*v + 26367. What is s(27)?
-7842
Let d(i) = -i**2 + 6*i - 151. Calculate d(-15).
-466
Let h(o) = -70855*o - 71006. What is h(-1)?
-151
Let s(u) = -3*u**3 - 141*u**2 - 833*u - 10. Determine s(-7).
-59
Let w(m) = 303*m - 71514. Calculate w(236).
-6
Let q(n) = 30*n**2 + 290*n - 431. What is q(-11)?
9
Let y(o) = 9*o**3 + 127*o**2 - 19*o + 225. Calculate y(-14).
687
Let d(h) = 3*h**3 + 284*h**2 - 1916*h + 341. Determine d(-101).
38
Let n(r) = -2*r**3 + 2280*r**2 - 4*r + 4557. Give n(1140).
-3
Let x(c) = 12*c**2 + 979*c - 3950. Determine x(4).
158
Let s(z) = 38*z**2 - 454*z - 903. Give s(-2).
157
Let l(d) = -5*d**3 - 758*d**2 - 1202*d - 282. Calculate l(-150).
18
Let n(j) = -815*j + 5775. What is n(7)?
70
Let g(h) = 24*h**2 + 12361*h + 121710. Calculate g(-505).
5
Let q(c) = -38355*c + 20673349. Calculate q(539).
4
Let n(l) = -10620*l + 1104478. Give n(104).
-2
Let y(n) = -66*n**2 + 1390*n - 34. Give y(21).
50
Let d(z) = 319788*z - 7994715. Calculate d(25).
-15
Let l(m) = -11*m**2 + 268*m + 4395. What is l(-14)?
-1513
Let f(l) = l**2 - 193*l - 11040. Calculate f(-46).
-46
Let g(n) = -2*n**2 + 2422*n - 558564. What is g(901)?
56
Let s(z) = 890*z - 23270. Determine s(26).
-1